 210?
42
Calculate the highest common factor of 7598 and 348.
58
What is the highest common divisor of 329 and 47?
47
Calculate the highest common divisor of 28 and 7.
7
What is the highest common factor of 584 and 48?
8
What is the highest common divisor of 32 and 736?
32
What is the greatest common factor of 4626 and 9?
9
What is the greatest common factor of 156 and 126?
6
Calculate the greatest common factor of 279 and 217.
31
What is the greatest common factor of 4554 and 990?
198
Calculate the greatest common divisor of 60 and 156.
12
What is the greatest common factor of 15 and 75765?
15
What is the highest common factor of 16 and 144?
16
Calculate the greatest common divisor of 1334 and 754.
58
Calculate the highest common divisor of 272 and 51.
17
Calculate the highest common divisor of 6 and 195.
3
Calculate the greatest common factor of 10 and 4.
2
What is the highest common factor of 144 and 324?
36
Calculate the highest common factor of 12 and 3528.
12
Calculate the greatest common divisor of 253 and 33.
11
What is the highest common divisor of 28 and 980?
28
What is the highest common factor of 28 and 36?
4
Calculate the highest common divisor of 62 and 992.
62
Calculate the greatest common factor of 7 and 3.
1
What is the highest common factor of 2805 and 15?
15
What is the highest common factor of 91 and 819?
91
What is the highest common factor of 2625 and 105?
105
What is the highest common factor of 352 and 319?
11
What is the highest common factor of 138 and 18?
6
What is the highest common divisor of 407 and 74?
37
Calculate the highest common divisor of 2057 and 17.
17
Calculate the greatest common factor of 8 and 192.
8
Calculate the greatest common factor of 9 and 81.
9
Calculate the highest common divisor of 4356 and 7524.
396
Calculate the greatest common factor of 24 and 486.
6
Calculate the highest common divisor of 1763 and 41.
41
Calculate the greatest common factor of 731 and 1032.
43
Calculate the highest common divisor of 28525 and 350.
175
What is the highest common divisor of 96 and 432?
48
What is the greatest common factor of 105 and 651?
21
Calculate the highest common divisor of 177 and 4779.
177
Calculate the highest common factor of 228 and 304.
76
What is the highest common factor of 33 and 99?
33
What is the highest common divisor of 946 and 86?
86
What is the highest common factor of 14888 and 8?
8
What is the highest common divisor of 48 and 78?
6
Calculate the highest common factor of 861 and 7.
7
Calculate the highest common divisor of 56 and 1141.
7
Calculate the greatest common factor of 762 and 114.
6
Calculate the greatest common divisor of 2115 and 45.
45
Calculate the greatest common divisor of 28 and 1218.
14
Calculate the greatest common factor of 840 and 532.
28
What is the highest common factor of 47 and 3713?
47
What is the highest common factor of 48 and 1176?
24
Calculate the highest common divisor of 17 and 1.
1
Calculate the highest common divisor of 5824 and 96.
32
Calculate the highest common factor of 43 and 43.
43
Calculate the highest common divisor of 1032 and 24.
24
Calculate the greatest common factor of 3243 and 6.
3
Calculate the greatest common divisor of 15 and 2715.
15
Calculate the highest common divisor of 23 and 529.
23
What is the highest common divisor of 245 and 105?
35
Calculate the greatest common divisor of 45 and 930.
15
What is the highest common divisor of 160 and 7120?
80
What is the greatest common divisor of 90 and 7902?
18
What is the greatest common factor of 21 and 15876?
21
What is the greatest common factor of 594 and 12?
6
Calculate the highest common factor of 1 and 141.
1
What is the highest common factor of 351 and 13?
13
What is the highest common factor of 91 and 26?
13
Calculate the greatest common divisor of 583 and 121.
11
Calculate the greatest common factor of 799 and 85.
17
Calculate the highest common factor of 12 and 36.
12
Calculate the greatest common divisor of 69 and 1587.
69
Calculate the greatest common divisor of 2479 and 268.
67
Calculate the highest common factor of 25 and 5.
5
What is the greatest common factor of 64 and 176?
16
What is the greatest common factor of 670 and 10?
10
Calculate the greatest common divisor of 190 and 80.
10
Calculate the highest common divisor of 18 and 225.
9
What is the highest common divisor of 1980 and 429?
33
Calculate the highest common divisor of 61 and 4026.
61
What is the highest common factor of 60 and 1572?
12
Calculate the greatest common divisor of 492 and 36.
12
What is the greatest common divisor of 46 and 13915?
23
What is the highest common factor of 2483 and 533?
13
What is the highest common factor of 3965 and 122?
61
What is the greatest common factor of 512 and 384?
128
What is the highest common divisor of 9393 and 909?
303
What is the highest common divisor of 284 and 20?
4
What is the highest common divisor of 154 and 33?
11
Calculate the highest common factor of 14 and 49.
7
What is the highest common factor of 1566 and 378?
54
Calculate the greatest common factor of 31 and 155.
31
What is the greatest common divisor of 49 and 4753?
49
Calculate the highest common divisor of 140 and 36820.
140
What is the greatest common divisor of 168 and 112?
56
What is the highest common factor of 36 and 63?
9
What is the highest common factor of 711 and 81?
9
Calculate the greatest common factor of 10534 and 138.
46
Calculate the highest common factor of 20 and 250.
10
Calculate the highest common divisor of 13 and 117.
13
Calculate the highest common divisor of 1235 and 190.
95
Calculate the highest common divisor of 84 and 378.
42
Calculate the highest common divisor of 420 and 45.
15
Calculate the greatest common divisor of 5696 and 178.
178
What is the highest common divisor of 20 and 315?
5
What is the greatest common factor of 7 and 60851?
7
What is the highest common divisor of 84 and 1680?
84
Calculate the highest common divisor of 12 and 84.
12
What is the highest common factor of 79646 and 14?
14
Calculate the greatest common divisor of 136 and 26384.
136
What is the greatest common factor of 272 and 48?
16
What is the highest common divisor of 7450 and 75?
25
What is the highest common factor of 27 and 1?
1
What is the highest common factor of 66 and 154?
22
Calculate the highest common divisor of 576 and 36.
36
Calculate the highest common factor of 1020 and 75.
15
Calculate the highest common divisor of 779 and 41.
41
Calculate the greatest common factor of 1736 and 1960.
56
What is the highest common factor of 220 and 188?
4
What is the greatest common factor of 297 and 44?
11
What is the greatest common divisor of 1280 and 80?
80
Calculate the highest common divisor of 750 and 50500.
250
Calculate the highest common divisor of 10 and 2390.
10
What is the greatest common divisor of 326 and 44?
2
What is the greatest common factor of 552 and 28?
4
Calculate the highest common factor of 5876 and 468.
52
Calculate the greatest common divisor of 15 and 40.
5
What is the greatest common factor of 810 and 30?
30
Calculate the highest common divisor of 140 and 14000.
140
What is the highest common divisor of 204 and 2958?
102
Calculate the highest common factor of 221 and 1313.
13
Calculate the greatest common factor of 140 and 910.
70
Calculate the greatest common factor of 478 and 10.
2
What is the highest common divisor of 78 and 6?
6
Calculate the greatest common divisor of 7 and 42.
7
Calculate the highest common divisor of 162 and 1323.
27
What is the highest common factor of 434 and 112?
14
What is the greatest common factor of 4360 and 120?
40
What is the highest common factor of 294 and 7?
7
What is the highest common divisor of 50950 and 100?
50
Calculate the greatest common factor of 195 and 429.
39
Calculate the highest common divisor of 3 and 37.
1
Calculate the greatest common factor of 3 and 81.
3
What is the greatest common factor of 115 and 8395?
115
What is the greatest common divisor of 312 and 91?
13
Calculate the highest common factor of 228 and 5748.
12
What is the greatest common factor of 28833 and 42?
21
Calculate the greatest common divisor of 42 and 217.
7
What is the highest common factor of 4043 and 13?
13
Calculate the highest common divisor of 